 = -3*m + 633, 0 = -2*m + 4*c + 426. Calculate the greatest common factor of m and 23.
23
Let i be ((-7 - -1)/(-1))/1. Let j(g) = -g**3 + 5*g**2 + 6*g + 8. Let s be j(i). Let f be 2 - (0/1 + -22). Calculate the highest common factor of f and s.
8
Suppose 20 = -4*d, -5*w - 4*d + 52 = -43. What is the greatest common factor of 46 and w?
23
Let r = 0 + 3. Let d(k) = k - 1. Let j(z) = -z - 25. Let m(p) = -4*d(p) + j(p). Let q be m(-6). Calculate the highest common factor of q and r.
3
Suppose 0 = 3*n - 7*n - 3*u + 105, 5*n + u = 123. Suppose -n = -q - 3*q. Let s be (2 + 0)/2 - -5. What is the highest common factor of s and q?
6
Let q = 81 + -26. What is the highest common factor of q and 11?
11
Let j(r) = 10*r - 5. Let w be j(7). Calculate the greatest common factor of 13 and w.
13
Let j be (56/6)/(8/12). What is the highest common factor of 70 and j?
14
Let k(i) = 42*i**2 - 2. Let x be k(-1). What is the highest common factor of x and 24?
8
Let m = -10 - -11. Let b(a) = a. Let k be b(4). Calculate the greatest common divisor of m and k.
1
Let t(d) = -d + 10. Let y be t(6). Calculate the highest common factor of y and 16.
4
Let o(b) = b**3 - 6*b**2 - 6*b - 1. Let h be o(8). Suppose 4*y + h = 299. What is the highest common factor of y and 5?
5
Let k(s) be the second derivative of -s**4/12 + 5*s**3/6 + 3*s**2/2 - 2*s. Let g be k(4). What is the highest common divisor of 35 and g?
7
Let k(g) = g**2 + 4*g + 1. Let q be k(-2). Let b be 9*(2/q - -1). Suppose -2*v + 3 = -3*v + 2*d, 3*d = b*v. Calculate the highest common divisor of 9 and v.
3
Let l = -14 - -23. Suppose 0 = l*v - 5*v - 32. Let b be 7/(0 + 1) - -1. Calculate the greatest common factor of v and b.
8
Let b(u) = u**2 + 8*u - 9. Let y be b(-14). Suppose -c + y = 31. Calculate the highest common divisor of c and 22.
22
Let h = 288 - 0. What is the greatest common divisor of 32 and h?
32
Suppose v = 22 - 1. Suppose 0 = -p - 15 - 12. Let n be 207 - (p/(-3))/(-3). What is the highest common factor of v and n?
21
Let c = -88 - -123. What is the highest common divisor of c and 7?
7
Let f = 16 - 34. Let w(s) = s + 39. Let a be w(f). What is the greatest common factor of a and 7?
7
Suppose 3*q - 25 = 32. Let z be q*(-4 + 3 - -2). Calculate the highest common divisor of z and 95.
19
Suppose -8 = -4*o + 2*o. Suppose -3*p + 5*p = o. Calculate the greatest common divisor of p and 4.
2
Let s be (14/(-35))/((-2)/50). Let z = s - -1. Let h be z + 0 + -2 + 2. Calculate the highest common factor of h and 55.
11
Let r(n) = n**3 - 7*n**2 + 6*n + 7. Let b be r(6). Calculate the greatest common factor of b and 56.
7
Let q(g) be the second derivative of 29*g**4/4 + g**2/2 - 3*g. Let m be q(1). Calculate the greatest common divisor of m and 8.
8
Suppose -3 - 6 = -9*a. Calculate the highest common factor of a and 1.
1
Let h(b) = -b**3 - 3*b**2 + 3. Let c be h(-3). Let m be 0*(-1)/(-3)*c. Suppose m - 8 = -2*a. What is the greatest common factor of a and 8?
4
Let k(r) = -r**3 + 4*r**2 + 8*r - 7. Let t be k(5). What is the highest common divisor of 8 and t?
8
Suppose 5*g + 6 = -14. Let x(a) = -26*a - 4. Let i be x(g). What is the highest common factor of 40 and i?
20
Suppose -2*i - 3*i + 80 = 0. Let x be (-1 - 4)*(-16)/(-10). Let f be (-1)/4 + (-194)/x. What is the highest common divisor of f and i?
8
Let w(m) = 9*m + 1. Suppose 3*g - 7*g + 4 = 0. Let x be w(g). Suppose 55 = 3*o - 5*t, 3*o - 4*o + t = -17. What is the highest common factor of o and x?
5
Let b(o) = -30*o**3 - o**2 - 2*o - 1. Let p = 3 + -4. Let w be b(p). Let l = -18 + w. Calculate the greatest common divisor of l and 4.
4
Suppose 12 = a - 38. Let m(j) = -5*j + 2. Let q be m(-2). Let h be ((-15)/q)/((-2)/16). What is the highest common factor of a and h?
10
Let v(a) = -19*a**3 - a**2 - 2*a - 1. Let t be v(-1). Suppose -5*m + 1051 = -3*p, 3*p = -5*m + p + 1041. Calculate the greatest common divisor of t and m.
19
Suppose u = 1 + 21. Calculate the greatest common divisor of u and 55.
11
Suppose -5*b = -10*b + 550. What is the highest common divisor of 10 and b?
10
Let w be (-4)/(-18)*-3*-12. Let f = w + 30. Calculate the highest common divisor of 19 and f.
19
Let y(m) = -18 - 3*m - 2*m + 4*m. Let r be y(0). Let q = -8 - r. Calculate the greatest common factor of q and 70.
10
Let v = 6 - 6. Suppose y - 6*y + 455 = v. Let q = 12 + 1. Calculate the highest common factor of y and q.
13
Let c be -2 - (-8 - (-2 - 1)). Suppose -w = -5*p - c - 0, 5 = p. Calculate the highest common factor of 14 and w.
14
Let t be (-56)/(-7) - 2*1. Let b = 20 + t. Calculate the highest common factor of 286 and b.
26
Let z = 12 + -5. Calculate the highest common factor of z and 49.
7
Let o = 70 + -22. Suppose 3*y + 13 = 4, -3*y = 3*q - o. What is the greatest common factor of q and 19?
19
Suppose 4*t = t + 549. Suppose 0 = -2*z + t + 545. Let r = z - 243. What is the greatest common divisor of r and 11?
11
Suppose -11 = -5*m + 164. Calculate the greatest common factor of 7 and m.
7
Let s be (-3)/(-15) + (-19)/(-5). Suppose u = -s + 8. Let f(w) = -6*w**3 - w**2 - w. Let k be f(-1). Calculate the highest common divisor of u and k.
2
Let n be ((-6)/(-4))/((-2)/(-4)). Let f be 3 + (-3 - (-9 + n)). Calculate the greatest common divisor of f and 4.
2
Suppose j = -10 + 24. What is the highest common factor of j and 35?
7
Suppose 10 = 9*b - 4*b. Let v be (b/(-3))/((-2)/87). What is the greatest common divisor of 29 and v?
29
Suppose 28 = 2*b - b. Calculate the greatest common factor of 7 and b.
7
Suppose -9*j = -10*j + 10. Let d be 304/6 + 2/(-3). Calculate the greatest common divisor of j and d.
10
Let a(n) = n**2 + 3*n. Let s(p) = p**2 - 3 + 3 + 3 - 8*p + 0*p**2. Let f be s(7). Let u be a(f). Calculate the greatest common divisor of 6 and u.
2
Suppose 0 = -4*w + 5*r + 196, w + r = 5*r + 60. What is the highest common divisor of 110 and w?
22
Suppose 3*a = -0*a + 165. Suppose 0*b - 11 = -b. Calculate the highest common divisor of b and a.
11
Let g be -1*10*1/(-2). Let l be g/(-1) + 2 + 15. Suppose -2*u - l = -o, -u = -o - 2*o + 11. What is the highest common divisor of o and 6?
2
Let v(u) = 2*u**2 + 2*u + 1. Let a be v(3). Suppose a = 2*i + 3*q, -2*q = -7*q - 5. Suppose 2*c - 12 - 2 = 0. What is the highest common divisor of i and c?
7
Let b(u) = -u**3 + 3*u**2 + 2*u - 2. Let n be b(4). Let m = -1 - n. Let c = 122 + -50. What is the highest common factor of m and c?
9
Let x = 34 - 18. Suppose -75 + 4 = -5*i + 3*q, 0 = -2*i - 5*q + 47. Calculate the highest common factor of i and x.
16
Suppose -5*m + 107 = 2*a, -8*m + 3*m + 3*a = -127. Let b = -13 + m. What is the greatest common divisor of 5 and b?
5
Suppose -2*i - 18 = -4*m, 21 = m - 3*i + 8*i. Suppose 0 = 3*g - m*g + 27. Let h = -79 - -142. Calculate the highest common factor of g and h.
9
Let t(v) = 3*v**2 + 2*v + 2. Let s be t(-1). What is the highest common divisor of 3 and s?
3
Suppose -5*c + 21 = b + 6, -c + 3*b + 3 = 0. Suppose -m = c*m - 84. Calculate the highest common factor of m and 14.
7
Suppose -5*i + 0*b - 3*b = -366, 3*i - 206 = 5*b. What is the highest common divisor of 12 and i?
12
Suppose 403 = 2*c + 29. What is the greatest common factor of c and 17?
17
Let i = 311 + -212. What is the highest common divisor of i and 11?
11
Let n = 5 - -7. Let d be 1/3 + (-358)/(-6). What is the highest common factor of d and n?
12
Let z = -36 + 54. Let l be (-10)/(-3)*z/5. What is the greatest common divisor of l and 12?
12
Let u = 15 - 11. Let k = 12 - 8. Suppose s = 2*s - k. What is the highest common divisor of u and s?
4
Let n be (-20)/((-1*3)/3). Let z = 4 - -1. What is the greatest common divisor of z and n?
5
Let r = 1 - -199. Let i(p) = -16*p**2 + 4*p + 2. Let v be i(-3). Let m be (-2)/3 - v/6. Calculate the greatest common divisor of r and m.
25
Suppose -3*g - 2*k + 4 = 0, -g + 3*k - 5*k - 4 = 0. What is the highest common factor of g and 2?
2
Let l be 23/7 - (-4)/(-14). Suppose -y + 309 = l*k - 5*y, 207 = 2*k - 3*y. Calculate the highest common divisor of 11 and k.
11
Suppose 0 = 4*p + 16 - 20. Calculate the greatest common factor of p and 7.
1
Suppose 150 = 5*p - 5*h, -6*p + 2*h + 93 = -3*p. What is the highest common factor of 3 and p?
3
Let t(n) = n**2 - 9*n + 10. Let z be t(8). Suppose -15 = -5*h + z*h. Calculate the